{"id":764,"date":"2019-02-05T03:54:32","date_gmt":"2019-02-05T06:54:32","guid":{"rendered":"https:\/\/ansertelefonia.com.ar\/?post_type=product&#038;p=764"},"modified":"2020-12-24T03:56:13","modified_gmt":"2020-12-24T06:56:13","slug":"camara-antivandalica","status":"publish","type":"product","link":"https:\/\/ansertelefonia.com.ar\/?product=camara-antivandalica","title":{"rendered":"Camara Antivandalica"},"content":{"rendered":"","protected":false},"excerpt":{"rendered":"<p>C\u00e1mara domo antivand\u00e1ilica con infrarrojos.<\/p>\n<p>Compuesta por un sensor 1\/3&#8243; Sony Super Had CCD II con una resoluci\u00f3n de 600 l\u00edneas.<\/p>\n<p>\u00d3ptica fija de 3.6 mm con un campo de visi\u00f3ndiagonal de 79\u00ba.<\/p>\n<p>23 LEDs infrarrojos que se activan autom\u00e1ticamente proporcionando as\u00ed una imagen n\u00edtida a 0 lux (oscuridad total) a una distancia m\u00e1xima de 20 metros.<\/p>\n<p>Conexi\u00f3n de video por conector BNC. C\u00e1mara resistente y s\u00f3lida, compuesta por policarbonato (cristal protector) y aluminio (carcasa), dise\u00f1ada para resistir actos vand\u00e1licos.<\/p>\n<p>Protocolo de impermeabilizaci\u00f3n IP66. Dispone de tres ejes que permiten un ajuste sencillo y exacto del \u00e1ngulo de visi\u00f3n, con instalaci\u00f3n en techo o pared.<\/p>\n<hr \/>\n<p>&nbsp;<\/p>\n","protected":false},"featured_media":765,"template":"","meta":[],"product_brand":[],"product_cat":[30,28],"product_tag":[],"class_list":{"0":"post-764","1":"product","2":"type-product","3":"status-publish","4":"has-post-thumbnail","6":"product_cat-camaras-de-seguridad","7":"product_cat-seguridad-electronica","9":"first","10":"instock","11":"taxable","12":"shipping-taxable","13":"product-type-simple"},"yoast_head":"<!-- This site is optimized with the Yoast SEO plugin v25.6 - https:\/\/yoast.com\/wordpress\/plugins\/seo\/ -->\n<title>Camara Antivandalica - Anser Telefonia Importaci\u00f3n - AT View<\/title>\n<meta name=\"robots\" content=\"index, follow, max-snippet:-1, max-image-preview:large, max-video-preview:-1\" \/>\n<link rel=\"canonical\" href=\"https:\/\/ansertelefonia.com.ar\/?product=camara-antivandalica\" \/>\n<meta property=\"og:locale\" content=\"es_ES\" \/>\n<meta property=\"og:type\" content=\"article\" \/>\n<meta property=\"og:title\" content=\"Camara Antivandalica - Anser Telefonia Importaci\u00f3n - AT View\" \/>\n<meta property=\"og:description\" content=\"C\u00e1mara domo antivand\u00e1ilica con infrarrojos.  Compuesta por un sensor 1\/3&quot; Sony Super Had CCD II con una resoluci\u00f3n de 600 l\u00edneas.  \u00d3ptica fija de 3.6 mm con un campo de visi\u00f3ndiagonal de 79\u00ba.  23 LEDs infrarrojos que se activan autom\u00e1ticamente proporcionando as\u00ed una imagen n\u00edtida a 0 lux (oscuridad total) a una distancia m\u00e1xima de 20 metros.  Conexi\u00f3n de video por conector BNC. C\u00e1mara resistente y s\u00f3lida, compuesta por policarbonato (cristal protector) y aluminio (carcasa), dise\u00f1ada para resistir actos vand\u00e1licos.  Protocolo de impermeabilizaci\u00f3n IP66. Dispone de tres ejes que permiten un ajuste sencillo y exacto del \u00e1ngulo de visi\u00f3n, con instalaci\u00f3n en techo o pared.    &nbsp;\" \/>\n<meta property=\"og:url\" content=\"https:\/\/ansertelefonia.com.ar\/?product=camara-antivandalica\" \/>\n<meta property=\"og:site_name\" content=\"Anser Telefonia Importaci\u00f3n - AT View\" \/>\n<meta property=\"article:publisher\" content=\"https:\/\/www.facebook.com\/AnsertelefoniaaATView\/\" \/>\n<meta property=\"article:modified_time\" content=\"2020-12-24T06:56:13+00:00\" \/>\n<meta property=\"og:image\" content=\"https:\/\/ansertelefonia.com.ar\/wp-content\/uploads\/2019\/02\/pronext-camara-antivandalica-ansertelefonia-com-ar.jpg\" \/>\n\t<meta property=\"og:image:width\" content=\"1000\" \/>\n\t<meta property=\"og:image:height\" content=\"1000\" \/>\n\t<meta property=\"og:image:type\" content=\"image\/jpeg\" \/>\n<meta name=\"twitter:card\" content=\"summary_large_image\" \/>\n<script type=\"application\/ld+json\" class=\"yoast-schema-graph\">{\"@context\":\"https:\/\/schema.org\",\"@graph\":[{\"@type\":\"WebPage\",\"@id\":\"https:\/\/ansertelefonia.com.ar\/?product=camara-antivandalica\",\"url\":\"https:\/\/ansertelefonia.com.ar\/?product=camara-antivandalica\",\"name\":\"Camara Antivandalica - Anser Telefonia Importaci\u00f3n - AT View\",\"isPartOf\":{\"@id\":\"https:\/\/ansertelefonia.com.ar\/#website\"},\"primaryImageOfPage\":{\"@id\":\"https:\/\/ansertelefonia.com.ar\/?product=camara-antivandalica#primaryimage\"},\"image\":{\"@id\":\"https:\/\/ansertelefonia.com.ar\/?product=camara-antivandalica#primaryimage\"},\"thumbnailUrl\":\"https:\/\/ansertelefonia.com.ar\/wp-content\/uploads\/2019\/02\/pronext-camara-antivandalica-ansertelefonia-com-ar.jpg\",\"datePublished\":\"2019-02-05T06:54:32+00:00\",\"dateModified\":\"2020-12-24T06:56:13+00:00\",\"breadcrumb\":{\"@id\":\"https:\/\/ansertelefonia.com.ar\/?product=camara-antivandalica#breadcrumb\"},\"inLanguage\":\"es\",\"potentialAction\":[{\"@type\":\"ReadAction\",\"target\":[\"https:\/\/ansertelefonia.com.ar\/?product=camara-antivandalica\"]}]},{\"@type\":\"ImageObject\",\"inLanguage\":\"es\",\"@id\":\"https:\/\/ansertelefonia.com.ar\/?product=camara-antivandalica#primaryimage\",\"url\":\"https:\/\/ansertelefonia.com.ar\/wp-content\/uploads\/2019\/02\/pronext-camara-antivandalica-ansertelefonia-com-ar.jpg\",\"contentUrl\":\"https:\/\/ansertelefonia.com.ar\/wp-content\/uploads\/2019\/02\/pronext-camara-antivandalica-ansertelefonia-com-ar.jpg\",\"width\":1000,\"height\":1000,\"caption\":\"Camara Antivandalica Anser Telefonia\"},{\"@type\":\"BreadcrumbList\",\"@id\":\"https:\/\/ansertelefonia.com.ar\/?product=camara-antivandalica#breadcrumb\",\"itemListElement\":[{\"@type\":\"ListItem\",\"position\":1,\"name\":\"Portada\",\"item\":\"https:\/\/ansertelefonia.com.ar\/\"},{\"@type\":\"ListItem\",\"position\":2,\"name\":\"Productos\",\"item\":\"https:\/\/ansertelefonia.com.ar\/?page_id=8\"},{\"@type\":\"ListItem\",\"position\":3,\"name\":\"Camara Antivandalica\"}]},{\"@type\":\"WebSite\",\"@id\":\"https:\/\/ansertelefonia.com.ar\/#website\",\"url\":\"https:\/\/ansertelefonia.com.ar\/\",\"name\":\"Anser Telefonia Importaci\u00f3n - AT View\",\"description\":\"AT View\",\"publisher\":{\"@id\":\"https:\/\/ansertelefonia.com.ar\/#organization\"},\"potentialAction\":[{\"@type\":\"SearchAction\",\"target\":{\"@type\":\"EntryPoint\",\"urlTemplate\":\"https:\/\/ansertelefonia.com.ar\/?s={search_term_string}\"},\"query-input\":{\"@type\":\"PropertyValueSpecification\",\"valueRequired\":true,\"valueName\":\"search_term_string\"}}],\"inLanguage\":\"es\"},{\"@type\":\"Organization\",\"@id\":\"https:\/\/ansertelefonia.com.ar\/#organization\",\"name\":\"Anser Telefonia Importaci\u00f3n - AT View\",\"url\":\"https:\/\/ansertelefonia.com.ar\/\",\"logo\":{\"@type\":\"ImageObject\",\"inLanguage\":\"es\",\"@id\":\"https:\/\/ansertelefonia.com.ar\/#\/schema\/logo\/image\/\",\"url\":\"https:\/\/ansertelefonia.com.ar\/wp-content\/uploads\/2025\/01\/logo-anser.png\",\"contentUrl\":\"https:\/\/ansertelefonia.com.ar\/wp-content\/uploads\/2025\/01\/logo-anser.png\",\"width\":285,\"height\":64,\"caption\":\"Anser Telefonia Importaci\u00f3n - AT View\"},\"image\":{\"@id\":\"https:\/\/ansertelefonia.com.ar\/#\/schema\/logo\/image\/\"},\"sameAs\":[\"https:\/\/www.facebook.com\/AnsertelefoniaaATView\/\",\"https:\/\/www.instagram.com\/ansertelefonia\/\",\"https:\/\/api.whatsapp.com\/send\/?phone=5493413899983&text&type=phone_number&app_absent=0\"]}]}<\/script>\n<!-- \/ Yoast SEO plugin. -->","yoast_head_json":{"title":"Camara Antivandalica - Anser Telefonia Importaci\u00f3n - AT View","robots":{"index":"index","follow":"follow","max-snippet":"max-snippet:-1","max-image-preview":"max-image-preview:large","max-video-preview":"max-video-preview:-1"},"canonical":"https:\/\/ansertelefonia.com.ar\/?product=camara-antivandalica","og_locale":"es_ES","og_type":"article","og_title":"Camara Antivandalica - Anser Telefonia Importaci\u00f3n - AT View","og_description":"C\u00e1mara domo antivand\u00e1ilica con infrarrojos.  Compuesta por un sensor 1\/3\" Sony Super Had CCD II con una resoluci\u00f3n de 600 l\u00edneas.  \u00d3ptica fija de 3.6 mm con un campo de visi\u00f3ndiagonal de 79\u00ba.  23 LEDs infrarrojos que se activan autom\u00e1ticamente proporcionando as\u00ed una imagen n\u00edtida a 0 lux (oscuridad total) a una distancia m\u00e1xima de 20 metros.  Conexi\u00f3n de video por conector BNC. C\u00e1mara resistente y s\u00f3lida, compuesta por policarbonato (cristal protector) y aluminio (carcasa), dise\u00f1ada para resistir actos vand\u00e1licos.  Protocolo de impermeabilizaci\u00f3n IP66. Dispone de tres ejes que permiten un ajuste sencillo y exacto del \u00e1ngulo de visi\u00f3n, con instalaci\u00f3n en techo o pared.    &nbsp;","og_url":"https:\/\/ansertelefonia.com.ar\/?product=camara-antivandalica","og_site_name":"Anser Telefonia Importaci\u00f3n - AT View","article_publisher":"https:\/\/www.facebook.com\/AnsertelefoniaaATView\/","article_modified_time":"2020-12-24T06:56:13+00:00","og_image":[{"width":1000,"height":1000,"url":"https:\/\/ansertelefonia.com.ar\/wp-content\/uploads\/2019\/02\/pronext-camara-antivandalica-ansertelefonia-com-ar.jpg","type":"image\/jpeg"}],"twitter_card":"summary_large_image","schema":{"@context":"https:\/\/schema.org","@graph":[{"@type":"WebPage","@id":"https:\/\/ansertelefonia.com.ar\/?product=camara-antivandalica","url":"https:\/\/ansertelefonia.com.ar\/?product=camara-antivandalica","name":"Camara Antivandalica - Anser Telefonia Importaci\u00f3n - AT View","isPartOf":{"@id":"https:\/\/ansertelefonia.com.ar\/#website"},"primaryImageOfPage":{"@id":"https:\/\/ansertelefonia.com.ar\/?product=camara-antivandalica#primaryimage"},"image":{"@id":"https:\/\/ansertelefonia.com.ar\/?product=camara-antivandalica#primaryimage"},"thumbnailUrl":"https:\/\/ansertelefonia.com.ar\/wp-content\/uploads\/2019\/02\/pronext-camara-antivandalica-ansertelefonia-com-ar.jpg","datePublished":"2019-02-05T06:54:32+00:00","dateModified":"2020-12-24T06:56:13+00:00","breadcrumb":{"@id":"https:\/\/ansertelefonia.com.ar\/?product=camara-antivandalica#breadcrumb"},"inLanguage":"es","potentialAction":[{"@type":"ReadAction","target":["https:\/\/ansertelefonia.com.ar\/?product=camara-antivandalica"]}]},{"@type":"ImageObject","inLanguage":"es","@id":"https:\/\/ansertelefonia.com.ar\/?product=camara-antivandalica#primaryimage","url":"https:\/\/ansertelefonia.com.ar\/wp-content\/uploads\/2019\/02\/pronext-camara-antivandalica-ansertelefonia-com-ar.jpg","contentUrl":"https:\/\/ansertelefonia.com.ar\/wp-content\/uploads\/2019\/02\/pronext-camara-antivandalica-ansertelefonia-com-ar.jpg","width":1000,"height":1000,"caption":"Camara Antivandalica Anser Telefonia"},{"@type":"BreadcrumbList","@id":"https:\/\/ansertelefonia.com.ar\/?product=camara-antivandalica#breadcrumb","itemListElement":[{"@type":"ListItem","position":1,"name":"Portada","item":"https:\/\/ansertelefonia.com.ar\/"},{"@type":"ListItem","position":2,"name":"Productos","item":"https:\/\/ansertelefonia.com.ar\/?page_id=8"},{"@type":"ListItem","position":3,"name":"Camara Antivandalica"}]},{"@type":"WebSite","@id":"https:\/\/ansertelefonia.com.ar\/#website","url":"https:\/\/ansertelefonia.com.ar\/","name":"Anser Telefonia Importaci\u00f3n - AT View","description":"AT View","publisher":{"@id":"https:\/\/ansertelefonia.com.ar\/#organization"},"potentialAction":[{"@type":"SearchAction","target":{"@type":"EntryPoint","urlTemplate":"https:\/\/ansertelefonia.com.ar\/?s={search_term_string}"},"query-input":{"@type":"PropertyValueSpecification","valueRequired":true,"valueName":"search_term_string"}}],"inLanguage":"es"},{"@type":"Organization","@id":"https:\/\/ansertelefonia.com.ar\/#organization","name":"Anser Telefonia Importaci\u00f3n - AT View","url":"https:\/\/ansertelefonia.com.ar\/","logo":{"@type":"ImageObject","inLanguage":"es","@id":"https:\/\/ansertelefonia.com.ar\/#\/schema\/logo\/image\/","url":"https:\/\/ansertelefonia.com.ar\/wp-content\/uploads\/2025\/01\/logo-anser.png","contentUrl":"https:\/\/ansertelefonia.com.ar\/wp-content\/uploads\/2025\/01\/logo-anser.png","width":285,"height":64,"caption":"Anser Telefonia Importaci\u00f3n - AT View"},"image":{"@id":"https:\/\/ansertelefonia.com.ar\/#\/schema\/logo\/image\/"},"sameAs":["https:\/\/www.facebook.com\/AnsertelefoniaaATView\/","https:\/\/www.instagram.com\/ansertelefonia\/","https:\/\/api.whatsapp.com\/send\/?phone=5493413899983&text&type=phone_number&app_absent=0"]}]}},"_links":{"self":[{"href":"https:\/\/ansertelefonia.com.ar\/index.php?rest_route=\/wp\/v2\/product\/764"}],"collection":[{"href":"https:\/\/ansertelefonia.com.ar\/index.php?rest_route=\/wp\/v2\/product"}],"about":[{"href":"https:\/\/ansertelefonia.com.ar\/index.php?rest_route=\/wp\/v2\/types\/product"}],"wp:featuredmedia":[{"embeddable":true,"href":"https:\/\/ansertelefonia.com.ar\/index.php?rest_route=\/wp\/v2\/media\/765"}],"wp:attachment":[{"href":"https:\/\/ansertelefonia.com.ar\/index.php?rest_route=%2Fwp%2Fv2%2Fmedia&parent=764"}],"wp:term":[{"taxonomy":"product_brand","embeddable":true,"href":"https:\/\/ansertelefonia.com.ar\/index.php?rest_route=%2Fwp%2Fv2%2Fproduct_brand&post=764"},{"taxonomy":"product_cat","embeddable":true,"href":"https:\/\/ansertelefonia.com.ar\/index.php?rest_route=%2Fwp%2Fv2%2Fproduct_cat&post=764"},{"taxonomy":"product_tag","embeddable":true,"href":"https:\/\/ansertelefonia.com.ar\/index.php?rest_route=%2Fwp%2Fv2%2Fproduct_tag&post=764"}],"curies":[{"name":"wp","href":"https:\/\/api.w.org\/{rel}","templated":true}]}}