{"id":574,"date":"2019-01-06T22:37:13","date_gmt":"2019-01-07T01:37:13","guid":{"rendered":"https:\/\/ansertelefonia.com.ar\/?post_type=product&#038;p=574"},"modified":"2026-01-27T23:44:06","modified_gmt":"2026-01-28T02:44:06","slug":"camara-de-seguridad-at-1033","status":"publish","type":"product","link":"https:\/\/ansertelefonia.com.ar\/?product=camara-de-seguridad-at-1033","title":{"rendered":"Camara de Seguridad AT 1033"},"content":{"rendered":"<p>Especificaciones: Dispositivo de imagen: CMOS Formato de TV: PAL \/ NTSC Resoluci\u00f3n: 1200 l\u00edneas de TV LED IR 2 LEDs Alcance efectivo IR: Hasta 30 mts Iluminaci\u00f3n m\u00ednima: 0Lux (IR ON) LEN 2.8 \/ 3.6mm lente fija IP: IP66\u00a0 Smart Control Luz: S\u00cd Ganar Control: Auto Bal.Blanco: Auto (2500 \u00b0 K ~ 9500 \u00b0 K) Obturador electr\u00f3nico: Auto obturaci\u00f3n: 1\/60 (1\/50) ~ 1\/100000 Sec (PAL) 1\/60 ~ \u2013 1 \/ 120000 Sec (NTSC) Compensaci\u00f3n de contraluz: AUTO Salida De V\u00eddeo: 1,0 Vp-p 75o compuesto Consumo De Energ\u00eda: 400mA Fuente De Alimentaci\u00f3n: 12V Temperatura de la operaci\u00f3n: -10 \u00b0 C ~ + 50 \u00b0 C<\/p>\n","protected":false},"excerpt":{"rendered":"<p>1\/3 CMOS 1200TVL 7030 CON IR-CUT<\/p>\n<p>Adoptar alto rendimiento del procesador DSP APTINA<\/p>\n<p>Sensor CMOS de alto rendimiento, alto grado de reproducci\u00f3n del color, alta sensibilidad, alta resoluci\u00f3n de imagen, la imagen es hermosa, exquisita calidad. iluminaci\u00f3n baja<\/p>\n<p>Filtro IR CUT Soporte &#8211; funci\u00f3n de conmutaci\u00f3n, la vigilancia d\u00eda y noche<\/p>\n<p>IR LED: 2LED distancia de la visi\u00f3n nocturna del IR 30 metros<\/p>\n<p>Lente est\u00e1ndar: 2,8 \/ 3,6 mm lente fija; Soporte incluido; cable incorporado en el dise\u00f1o del soporte<\/p>\n<p>IP66, conveniente para el uso al aire libre, f\u00e1cil para la instalaci\u00f3n<\/p>\n<hr \/>\n<p><strong>AT View<\/strong><\/p>\n<p><strong>Importacion Directa<\/strong><\/p>\n<hr \/>\n<p><img decoding=\"async\" class=\"alignleft wp-image-535\" src=\"https:\/\/ansertelefonia.com.ar\/wp-content\/uploads\/2019\/01\/atview-300x107.jpg\" alt=\"\" width=\"143\" height=\"52\" srcset=\"https:\/\/ansertelefonia.com.ar\/wp-content\/uploads\/2019\/01\/atview-300x107.jpg 300w, https:\/\/ansertelefonia.com.ar\/wp-content\/uploads\/2019\/01\/atview-768x274.jpg 768w, https:\/\/ansertelefonia.com.ar\/wp-content\/uploads\/2019\/01\/atview-1024x366.jpg 1024w, https:\/\/ansertelefonia.com.ar\/wp-content\/uploads\/2019\/01\/atview-600x214.jpg 600w, https:\/\/ansertelefonia.com.ar\/wp-content\/uploads\/2019\/01\/atview.jpg 1984w\" sizes=\"(max-width: 143px) 100vw, 143px\" \/><\/p>\n","protected":false},"featured_media":599,"template":"","meta":[],"product_brand":[],"product_cat":[52,30,28],"product_tag":[],"class_list":{"0":"post-574","1":"product","2":"type-product","3":"status-publish","4":"has-post-thumbnail","6":"product_cat-at-view","7":"product_cat-camaras-de-seguridad","8":"product_cat-seguridad-electronica","10":"first","11":"instock","12":"sale","13":"featured","14":"taxable","15":"shipping-taxable","16":"purchasable","17":"product-type-simple"},"yoast_head":"<!-- This site is optimized with the Yoast SEO plugin v25.6 - https:\/\/yoast.com\/wordpress\/plugins\/seo\/ -->\n<title>Camara de Seguridad AT 1033 - Rosario Anser Telefonia Importaci\u00f3n - AT View Rosario<\/title>\n<meta name=\"description\" content=\"1\/3 CMOS 1200TVL 7030 CON IR-CUTAdoptar alto rendimiento del procesador DSP APTINASensor CMOS de alto rendimiento, alto grado de reproducci\u00f3n Camara de cctv vision nocturna 2 leds de alto rendimiento\" \/>\n<meta name=\"robots\" content=\"index, follow, max-snippet:-1, max-image-preview:large, max-video-preview:-1\" \/>\n<link rel=\"canonical\" href=\"https:\/\/ansertelefonia.com.ar\/?product=camara-de-seguridad-at-1033\" \/>\n<meta property=\"og:locale\" content=\"es_ES\" \/>\n<meta property=\"og:type\" content=\"article\" \/>\n<meta property=\"og:title\" content=\"Camara de Seguridad AT 1033 - Rosario Anser Telefonia Importaci\u00f3n - AT View Rosario\" \/>\n<meta property=\"og:description\" content=\"1\/3 CMOS 1200TVL 7030 CON IR-CUTAdoptar alto rendimiento del procesador DSP APTINASensor CMOS de alto rendimiento, alto grado de reproducci\u00f3n Camara de cctv vision nocturna 2 leds de alto rendimiento\" \/>\n<meta property=\"og:url\" content=\"https:\/\/ansertelefonia.com.ar\/?product=camara-de-seguridad-at-1033\" \/>\n<meta property=\"og:site_name\" content=\"Anser Telefonia Importaci\u00f3n - AT View\" \/>\n<meta property=\"article:publisher\" content=\"https:\/\/www.facebook.com\/AnsertelefoniaaATView\/\" \/>\n<meta property=\"article:modified_time\" content=\"2026-01-28T02:44:06+00:00\" \/>\n<meta property=\"og:image\" content=\"https:\/\/ansertelefonia.com.ar\/wp-content\/uploads\/2019\/01\/at-view-at-1033-ansertelefonia.jpg\" \/>\n\t<meta property=\"og:image:width\" content=\"1000\" \/>\n\t<meta property=\"og:image:height\" content=\"1000\" \/>\n\t<meta property=\"og:image:type\" content=\"image\/jpeg\" \/>\n<meta name=\"twitter:card\" content=\"summary_large_image\" \/>\n<meta name=\"twitter:label1\" content=\"Tiempo de lectura\" \/>\n\t<meta name=\"twitter:data1\" content=\"1 minuto\" \/>\n<script type=\"application\/ld+json\" class=\"yoast-schema-graph\">{\"@context\":\"https:\/\/schema.org\",\"@graph\":[{\"@type\":\"WebPage\",\"@id\":\"https:\/\/ansertelefonia.com.ar\/?product=camara-de-seguridad-at-1033\",\"url\":\"https:\/\/ansertelefonia.com.ar\/?product=camara-de-seguridad-at-1033\",\"name\":\"Camara de Seguridad AT 1033 - Rosario Anser Telefonia Importaci\u00f3n - AT View Rosario\",\"isPartOf\":{\"@id\":\"https:\/\/ansertelefonia.com.ar\/#website\"},\"primaryImageOfPage\":{\"@id\":\"https:\/\/ansertelefonia.com.ar\/?product=camara-de-seguridad-at-1033#primaryimage\"},\"image\":{\"@id\":\"https:\/\/ansertelefonia.com.ar\/?product=camara-de-seguridad-at-1033#primaryimage\"},\"thumbnailUrl\":\"https:\/\/ansertelefonia.com.ar\/wp-content\/uploads\/2019\/01\/at-view-at-1033-ansertelefonia.jpg\",\"datePublished\":\"2019-01-07T01:37:13+00:00\",\"dateModified\":\"2026-01-28T02:44:06+00:00\",\"description\":\"1\/3 CMOS 1200TVL 7030 CON IR-CUTAdoptar alto rendimiento del procesador DSP APTINASensor CMOS de alto rendimiento, alto grado de reproducci\u00f3n Camara de cctv vision nocturna 2 leds de alto rendimiento\",\"breadcrumb\":{\"@id\":\"https:\/\/ansertelefonia.com.ar\/?product=camara-de-seguridad-at-1033#breadcrumb\"},\"inLanguage\":\"es\",\"potentialAction\":[{\"@type\":\"ReadAction\",\"target\":[\"https:\/\/ansertelefonia.com.ar\/?product=camara-de-seguridad-at-1033\"]}]},{\"@type\":\"ImageObject\",\"inLanguage\":\"es\",\"@id\":\"https:\/\/ansertelefonia.com.ar\/?product=camara-de-seguridad-at-1033#primaryimage\",\"url\":\"https:\/\/ansertelefonia.com.ar\/wp-content\/uploads\/2019\/01\/at-view-at-1033-ansertelefonia.jpg\",\"contentUrl\":\"https:\/\/ansertelefonia.com.ar\/wp-content\/uploads\/2019\/01\/at-view-at-1033-ansertelefonia.jpg\",\"width\":1000,\"height\":1000,\"caption\":\"Camara de Seguridad AT 1033 Anser Telefonia AT View\"},{\"@type\":\"BreadcrumbList\",\"@id\":\"https:\/\/ansertelefonia.com.ar\/?product=camara-de-seguridad-at-1033#breadcrumb\",\"itemListElement\":[{\"@type\":\"ListItem\",\"position\":1,\"name\":\"Portada\",\"item\":\"https:\/\/ansertelefonia.com.ar\/\"},{\"@type\":\"ListItem\",\"position\":2,\"name\":\"Productos\",\"item\":\"https:\/\/ansertelefonia.com.ar\/?page_id=8\"},{\"@type\":\"ListItem\",\"position\":3,\"name\":\"Camara de Seguridad AT 1033\"}]},{\"@type\":\"WebSite\",\"@id\":\"https:\/\/ansertelefonia.com.ar\/#website\",\"url\":\"https:\/\/ansertelefonia.com.ar\/\",\"name\":\"Anser Telefonia Importaci\u00f3n - AT View\",\"description\":\"AT View\",\"publisher\":{\"@id\":\"https:\/\/ansertelefonia.com.ar\/#organization\"},\"potentialAction\":[{\"@type\":\"SearchAction\",\"target\":{\"@type\":\"EntryPoint\",\"urlTemplate\":\"https:\/\/ansertelefonia.com.ar\/?s={search_term_string}\"},\"query-input\":{\"@type\":\"PropertyValueSpecification\",\"valueRequired\":true,\"valueName\":\"search_term_string\"}}],\"inLanguage\":\"es\"},{\"@type\":\"Organization\",\"@id\":\"https:\/\/ansertelefonia.com.ar\/#organization\",\"name\":\"Anser Telefonia Importaci\u00f3n - AT View\",\"url\":\"https:\/\/ansertelefonia.com.ar\/\",\"logo\":{\"@type\":\"ImageObject\",\"inLanguage\":\"es\",\"@id\":\"https:\/\/ansertelefonia.com.ar\/#\/schema\/logo\/image\/\",\"url\":\"https:\/\/ansertelefonia.com.ar\/wp-content\/uploads\/2025\/01\/logo-anser.png\",\"contentUrl\":\"https:\/\/ansertelefonia.com.ar\/wp-content\/uploads\/2025\/01\/logo-anser.png\",\"width\":285,\"height\":64,\"caption\":\"Anser Telefonia Importaci\u00f3n - AT View\"},\"image\":{\"@id\":\"https:\/\/ansertelefonia.com.ar\/#\/schema\/logo\/image\/\"},\"sameAs\":[\"https:\/\/www.facebook.com\/AnsertelefoniaaATView\/\",\"https:\/\/www.instagram.com\/ansertelefonia\/\",\"https:\/\/api.whatsapp.com\/send\/?phone=5493413899983&text&type=phone_number&app_absent=0\"]}]}<\/script>\n<!-- \/ Yoast SEO plugin. -->","yoast_head_json":{"title":"Camara de Seguridad AT 1033 - Rosario Anser Telefonia Importaci\u00f3n - AT View Rosario","description":"1\/3 CMOS 1200TVL 7030 CON IR-CUTAdoptar alto rendimiento del procesador DSP APTINASensor CMOS de alto rendimiento, alto grado de reproducci\u00f3n Camara de cctv vision nocturna 2 leds de alto rendimiento","robots":{"index":"index","follow":"follow","max-snippet":"max-snippet:-1","max-image-preview":"max-image-preview:large","max-video-preview":"max-video-preview:-1"},"canonical":"https:\/\/ansertelefonia.com.ar\/?product=camara-de-seguridad-at-1033","og_locale":"es_ES","og_type":"article","og_title":"Camara de Seguridad AT 1033 - Rosario Anser Telefonia Importaci\u00f3n - AT View Rosario","og_description":"1\/3 CMOS 1200TVL 7030 CON IR-CUTAdoptar alto rendimiento del procesador DSP APTINASensor CMOS de alto rendimiento, alto grado de reproducci\u00f3n Camara de cctv vision nocturna 2 leds de alto rendimiento","og_url":"https:\/\/ansertelefonia.com.ar\/?product=camara-de-seguridad-at-1033","og_site_name":"Anser Telefonia Importaci\u00f3n - AT View","article_publisher":"https:\/\/www.facebook.com\/AnsertelefoniaaATView\/","article_modified_time":"2026-01-28T02:44:06+00:00","og_image":[{"width":1000,"height":1000,"url":"https:\/\/ansertelefonia.com.ar\/wp-content\/uploads\/2019\/01\/at-view-at-1033-ansertelefonia.jpg","type":"image\/jpeg"}],"twitter_card":"summary_large_image","twitter_misc":{"Tiempo de lectura":"1 minuto"},"schema":{"@context":"https:\/\/schema.org","@graph":[{"@type":"WebPage","@id":"https:\/\/ansertelefonia.com.ar\/?product=camara-de-seguridad-at-1033","url":"https:\/\/ansertelefonia.com.ar\/?product=camara-de-seguridad-at-1033","name":"Camara de Seguridad AT 1033 - Rosario Anser Telefonia Importaci\u00f3n - AT View Rosario","isPartOf":{"@id":"https:\/\/ansertelefonia.com.ar\/#website"},"primaryImageOfPage":{"@id":"https:\/\/ansertelefonia.com.ar\/?product=camara-de-seguridad-at-1033#primaryimage"},"image":{"@id":"https:\/\/ansertelefonia.com.ar\/?product=camara-de-seguridad-at-1033#primaryimage"},"thumbnailUrl":"https:\/\/ansertelefonia.com.ar\/wp-content\/uploads\/2019\/01\/at-view-at-1033-ansertelefonia.jpg","datePublished":"2019-01-07T01:37:13+00:00","dateModified":"2026-01-28T02:44:06+00:00","description":"1\/3 CMOS 1200TVL 7030 CON IR-CUTAdoptar alto rendimiento del procesador DSP APTINASensor CMOS de alto rendimiento, alto grado de reproducci\u00f3n Camara de cctv vision nocturna 2 leds de alto rendimiento","breadcrumb":{"@id":"https:\/\/ansertelefonia.com.ar\/?product=camara-de-seguridad-at-1033#breadcrumb"},"inLanguage":"es","potentialAction":[{"@type":"ReadAction","target":["https:\/\/ansertelefonia.com.ar\/?product=camara-de-seguridad-at-1033"]}]},{"@type":"ImageObject","inLanguage":"es","@id":"https:\/\/ansertelefonia.com.ar\/?product=camara-de-seguridad-at-1033#primaryimage","url":"https:\/\/ansertelefonia.com.ar\/wp-content\/uploads\/2019\/01\/at-view-at-1033-ansertelefonia.jpg","contentUrl":"https:\/\/ansertelefonia.com.ar\/wp-content\/uploads\/2019\/01\/at-view-at-1033-ansertelefonia.jpg","width":1000,"height":1000,"caption":"Camara de Seguridad AT 1033 Anser Telefonia AT View"},{"@type":"BreadcrumbList","@id":"https:\/\/ansertelefonia.com.ar\/?product=camara-de-seguridad-at-1033#breadcrumb","itemListElement":[{"@type":"ListItem","position":1,"name":"Portada","item":"https:\/\/ansertelefonia.com.ar\/"},{"@type":"ListItem","position":2,"name":"Productos","item":"https:\/\/ansertelefonia.com.ar\/?page_id=8"},{"@type":"ListItem","position":3,"name":"Camara de Seguridad AT 1033"}]},{"@type":"WebSite","@id":"https:\/\/ansertelefonia.com.ar\/#website","url":"https:\/\/ansertelefonia.com.ar\/","name":"Anser Telefonia Importaci\u00f3n - AT View","description":"AT View","publisher":{"@id":"https:\/\/ansertelefonia.com.ar\/#organization"},"potentialAction":[{"@type":"SearchAction","target":{"@type":"EntryPoint","urlTemplate":"https:\/\/ansertelefonia.com.ar\/?s={search_term_string}"},"query-input":{"@type":"PropertyValueSpecification","valueRequired":true,"valueName":"search_term_string"}}],"inLanguage":"es"},{"@type":"Organization","@id":"https:\/\/ansertelefonia.com.ar\/#organization","name":"Anser Telefonia Importaci\u00f3n - AT View","url":"https:\/\/ansertelefonia.com.ar\/","logo":{"@type":"ImageObject","inLanguage":"es","@id":"https:\/\/ansertelefonia.com.ar\/#\/schema\/logo\/image\/","url":"https:\/\/ansertelefonia.com.ar\/wp-content\/uploads\/2025\/01\/logo-anser.png","contentUrl":"https:\/\/ansertelefonia.com.ar\/wp-content\/uploads\/2025\/01\/logo-anser.png","width":285,"height":64,"caption":"Anser Telefonia Importaci\u00f3n - AT View"},"image":{"@id":"https:\/\/ansertelefonia.com.ar\/#\/schema\/logo\/image\/"},"sameAs":["https:\/\/www.facebook.com\/AnsertelefoniaaATView\/","https:\/\/www.instagram.com\/ansertelefonia\/","https:\/\/api.whatsapp.com\/send\/?phone=5493413899983&text&type=phone_number&app_absent=0"]}]}},"_links":{"self":[{"href":"https:\/\/ansertelefonia.com.ar\/index.php?rest_route=\/wp\/v2\/product\/574"}],"collection":[{"href":"https:\/\/ansertelefonia.com.ar\/index.php?rest_route=\/wp\/v2\/product"}],"about":[{"href":"https:\/\/ansertelefonia.com.ar\/index.php?rest_route=\/wp\/v2\/types\/product"}],"wp:featuredmedia":[{"embeddable":true,"href":"https:\/\/ansertelefonia.com.ar\/index.php?rest_route=\/wp\/v2\/media\/599"}],"wp:attachment":[{"href":"https:\/\/ansertelefonia.com.ar\/index.php?rest_route=%2Fwp%2Fv2%2Fmedia&parent=574"}],"wp:term":[{"taxonomy":"product_brand","embeddable":true,"href":"https:\/\/ansertelefonia.com.ar\/index.php?rest_route=%2Fwp%2Fv2%2Fproduct_brand&post=574"},{"taxonomy":"product_cat","embeddable":true,"href":"https:\/\/ansertelefonia.com.ar\/index.php?rest_route=%2Fwp%2Fv2%2Fproduct_cat&post=574"},{"taxonomy":"product_tag","embeddable":true,"href":"https:\/\/ansertelefonia.com.ar\/index.php?rest_route=%2Fwp%2Fv2%2Fproduct_tag&post=574"}],"curies":[{"name":"wp","href":"https:\/\/api.w.org\/{rel}","templated":true}]}}