{"id":1113,"date":"2019-03-07T18:02:14","date_gmt":"2019-03-07T21:02:14","guid":{"rendered":"https:\/\/ansertelefonia.com.ar\/?post_type=product&#038;p=1113"},"modified":"2019-03-07T18:02:14","modified_gmt":"2019-03-07T21:02:14","slug":"fax-panasonic-kx-ft982","status":"publish","type":"product","link":"https:\/\/ansertelefonia.com.ar\/?product=fax-panasonic-kx-ft982","title":{"rendered":"Fax Panasonic KX-FT982"},"content":{"rendered":"","protected":false},"excerpt":{"rendered":"<p>Fax Panasonic de papel t\u00e9rmico.<\/p>\n<p>Caracter\u00edsticas: Pantalla LCD 2 l\u00edneas: 16 caracteres<\/p>\n<p>Altavoz Digital Duplex<\/p>\n<p>Control El\u00e9ctrico de Volumen<\/p>\n<p>Funci\u00f3n de ayuda<\/p>\n<p>Interface para contestadora<\/p>\n<p>Distingue autom\u00e1ticamente Fax o llamada<\/p>\n<p>Indicador electr\u00f3nico de tinta<\/p>\n<p>Escaneo r\u00e1pido<\/p>\n<p>Recepci\u00f3n sin papel<\/p>\n<p>Recepci\u00f3n remota de Fax desde auricular inal\u00e1mbrico<\/p>\n<p>Capacidad para m\u00faltiples auriculares<\/p>\n<p>Con identificador de llamadas<\/p>\n<p>Detecci\u00f3n de 3 timbrados distintivos.<\/p>\n<p>Panasonic es una marca l\u00edder en el rubro telefon\u00eda por lo que es de confiar en todos sus productos.<\/p>\n<hr \/>\n<p>&nbsp;<\/p>\n","protected":false},"featured_media":1114,"template":"","meta":[],"product_brand":[],"product_cat":[40,35],"product_tag":[],"class_list":{"0":"post-1113","1":"product","2":"type-product","3":"status-publish","4":"has-post-thumbnail","6":"product_cat-fax","7":"product_cat-telefonia","9":"first","10":"onbackorder","11":"taxable","12":"shipping-taxable","13":"product-type-simple"},"yoast_head":"<!-- This site is optimized with the Yoast SEO plugin v25.6 - https:\/\/yoast.com\/wordpress\/plugins\/seo\/ -->\n<title>Fax Panasonic KX-FT982 - Anser Telefonia Importaci\u00f3n - AT View<\/title>\n<meta name=\"robots\" content=\"index, follow, max-snippet:-1, max-image-preview:large, max-video-preview:-1\" \/>\n<link rel=\"canonical\" href=\"https:\/\/ansertelefonia.com.ar\/?product=fax-panasonic-kx-ft982\" \/>\n<meta property=\"og:locale\" content=\"es_ES\" \/>\n<meta property=\"og:type\" content=\"article\" \/>\n<meta property=\"og:title\" content=\"Fax Panasonic KX-FT982 - Anser Telefonia Importaci\u00f3n - AT View\" \/>\n<meta property=\"og:description\" content=\"Fax Panasonic de papel t\u00e9rmico.  Caracter\u00edsticas: Pantalla LCD 2 l\u00edneas: 16 caracteres  Altavoz Digital Duplex  Control El\u00e9ctrico de Volumen  Funci\u00f3n de ayuda  Interface para contestadora  Distingue autom\u00e1ticamente Fax o llamada  Indicador electr\u00f3nico de tinta  Escaneo r\u00e1pido  Recepci\u00f3n sin papel  Recepci\u00f3n remota de Fax desde auricular inal\u00e1mbrico  Capacidad para m\u00faltiples auriculares  Con identificador de llamadas  Detecci\u00f3n de 3 timbrados distintivos.  Panasonic es una marca l\u00edder en el rubro telefon\u00eda por lo que es de confiar en todos sus productos.    &nbsp;\" \/>\n<meta property=\"og:url\" content=\"https:\/\/ansertelefonia.com.ar\/?product=fax-panasonic-kx-ft982\" \/>\n<meta property=\"og:site_name\" content=\"Anser Telefonia Importaci\u00f3n - AT View\" \/>\n<meta property=\"article:publisher\" content=\"https:\/\/www.facebook.com\/AnsertelefoniaaATView\/\" \/>\n<meta property=\"og:image\" content=\"https:\/\/ansertelefonia.com.ar\/wp-content\/uploads\/2019\/03\/fax-panasonic-kx-ft982-ansertelefonia-com-ar.jpg\" \/>\n\t<meta property=\"og:image:width\" content=\"1000\" \/>\n\t<meta property=\"og:image:height\" content=\"1000\" \/>\n\t<meta property=\"og:image:type\" content=\"image\/jpeg\" \/>\n<meta name=\"twitter:card\" content=\"summary_large_image\" \/>\n<script type=\"application\/ld+json\" class=\"yoast-schema-graph\">{\"@context\":\"https:\/\/schema.org\",\"@graph\":[{\"@type\":\"WebPage\",\"@id\":\"https:\/\/ansertelefonia.com.ar\/?product=fax-panasonic-kx-ft982\",\"url\":\"https:\/\/ansertelefonia.com.ar\/?product=fax-panasonic-kx-ft982\",\"name\":\"Fax Panasonic KX-FT982 - Anser Telefonia Importaci\u00f3n - AT View\",\"isPartOf\":{\"@id\":\"https:\/\/ansertelefonia.com.ar\/#website\"},\"primaryImageOfPage\":{\"@id\":\"https:\/\/ansertelefonia.com.ar\/?product=fax-panasonic-kx-ft982#primaryimage\"},\"image\":{\"@id\":\"https:\/\/ansertelefonia.com.ar\/?product=fax-panasonic-kx-ft982#primaryimage\"},\"thumbnailUrl\":\"https:\/\/ansertelefonia.com.ar\/wp-content\/uploads\/2019\/03\/fax-panasonic-kx-ft982-ansertelefonia-com-ar.jpg\",\"datePublished\":\"2019-03-07T21:02:14+00:00\",\"breadcrumb\":{\"@id\":\"https:\/\/ansertelefonia.com.ar\/?product=fax-panasonic-kx-ft982#breadcrumb\"},\"inLanguage\":\"es\",\"potentialAction\":[{\"@type\":\"ReadAction\",\"target\":[\"https:\/\/ansertelefonia.com.ar\/?product=fax-panasonic-kx-ft982\"]}]},{\"@type\":\"ImageObject\",\"inLanguage\":\"es\",\"@id\":\"https:\/\/ansertelefonia.com.ar\/?product=fax-panasonic-kx-ft982#primaryimage\",\"url\":\"https:\/\/ansertelefonia.com.ar\/wp-content\/uploads\/2019\/03\/fax-panasonic-kx-ft982-ansertelefonia-com-ar.jpg\",\"contentUrl\":\"https:\/\/ansertelefonia.com.ar\/wp-content\/uploads\/2019\/03\/fax-panasonic-kx-ft982-ansertelefonia-com-ar.jpg\",\"width\":1000,\"height\":1000},{\"@type\":\"BreadcrumbList\",\"@id\":\"https:\/\/ansertelefonia.com.ar\/?product=fax-panasonic-kx-ft982#breadcrumb\",\"itemListElement\":[{\"@type\":\"ListItem\",\"position\":1,\"name\":\"Portada\",\"item\":\"https:\/\/ansertelefonia.com.ar\/\"},{\"@type\":\"ListItem\",\"position\":2,\"name\":\"Productos\",\"item\":\"https:\/\/ansertelefonia.com.ar\/?page_id=8\"},{\"@type\":\"ListItem\",\"position\":3,\"name\":\"Fax Panasonic KX-FT982\"}]},{\"@type\":\"WebSite\",\"@id\":\"https:\/\/ansertelefonia.com.ar\/#website\",\"url\":\"https:\/\/ansertelefonia.com.ar\/\",\"name\":\"Anser Telefonia Importaci\u00f3n - AT View\",\"description\":\"AT View\",\"publisher\":{\"@id\":\"https:\/\/ansertelefonia.com.ar\/#organization\"},\"potentialAction\":[{\"@type\":\"SearchAction\",\"target\":{\"@type\":\"EntryPoint\",\"urlTemplate\":\"https:\/\/ansertelefonia.com.ar\/?s={search_term_string}\"},\"query-input\":{\"@type\":\"PropertyValueSpecification\",\"valueRequired\":true,\"valueName\":\"search_term_string\"}}],\"inLanguage\":\"es\"},{\"@type\":\"Organization\",\"@id\":\"https:\/\/ansertelefonia.com.ar\/#organization\",\"name\":\"Anser Telefonia Importaci\u00f3n - AT View\",\"url\":\"https:\/\/ansertelefonia.com.ar\/\",\"logo\":{\"@type\":\"ImageObject\",\"inLanguage\":\"es\",\"@id\":\"https:\/\/ansertelefonia.com.ar\/#\/schema\/logo\/image\/\",\"url\":\"https:\/\/ansertelefonia.com.ar\/wp-content\/uploads\/2025\/01\/logo-anser.png\",\"contentUrl\":\"https:\/\/ansertelefonia.com.ar\/wp-content\/uploads\/2025\/01\/logo-anser.png\",\"width\":285,\"height\":64,\"caption\":\"Anser Telefonia Importaci\u00f3n - AT View\"},\"image\":{\"@id\":\"https:\/\/ansertelefonia.com.ar\/#\/schema\/logo\/image\/\"},\"sameAs\":[\"https:\/\/www.facebook.com\/AnsertelefoniaaATView\/\",\"https:\/\/www.instagram.com\/ansertelefonia\/\",\"https:\/\/api.whatsapp.com\/send\/?phone=5493413899983&text&type=phone_number&app_absent=0\"]}]}<\/script>\n<!-- \/ Yoast SEO plugin. -->","yoast_head_json":{"title":"Fax Panasonic KX-FT982 - Anser Telefonia Importaci\u00f3n - AT View","robots":{"index":"index","follow":"follow","max-snippet":"max-snippet:-1","max-image-preview":"max-image-preview:large","max-video-preview":"max-video-preview:-1"},"canonical":"https:\/\/ansertelefonia.com.ar\/?product=fax-panasonic-kx-ft982","og_locale":"es_ES","og_type":"article","og_title":"Fax Panasonic KX-FT982 - Anser Telefonia Importaci\u00f3n - AT View","og_description":"Fax Panasonic de papel t\u00e9rmico.  Caracter\u00edsticas: Pantalla LCD 2 l\u00edneas: 16 caracteres  Altavoz Digital Duplex  Control El\u00e9ctrico de Volumen  Funci\u00f3n de ayuda  Interface para contestadora  Distingue autom\u00e1ticamente Fax o llamada  Indicador electr\u00f3nico de tinta  Escaneo r\u00e1pido  Recepci\u00f3n sin papel  Recepci\u00f3n remota de Fax desde auricular inal\u00e1mbrico  Capacidad para m\u00faltiples auriculares  Con identificador de llamadas  Detecci\u00f3n de 3 timbrados distintivos.  Panasonic es una marca l\u00edder en el rubro telefon\u00eda por lo que es de confiar en todos sus productos.    &nbsp;","og_url":"https:\/\/ansertelefonia.com.ar\/?product=fax-panasonic-kx-ft982","og_site_name":"Anser Telefonia Importaci\u00f3n - AT View","article_publisher":"https:\/\/www.facebook.com\/AnsertelefoniaaATView\/","og_image":[{"width":1000,"height":1000,"url":"https:\/\/ansertelefonia.com.ar\/wp-content\/uploads\/2019\/03\/fax-panasonic-kx-ft982-ansertelefonia-com-ar.jpg","type":"image\/jpeg"}],"twitter_card":"summary_large_image","schema":{"@context":"https:\/\/schema.org","@graph":[{"@type":"WebPage","@id":"https:\/\/ansertelefonia.com.ar\/?product=fax-panasonic-kx-ft982","url":"https:\/\/ansertelefonia.com.ar\/?product=fax-panasonic-kx-ft982","name":"Fax Panasonic KX-FT982 - Anser Telefonia Importaci\u00f3n - AT View","isPartOf":{"@id":"https:\/\/ansertelefonia.com.ar\/#website"},"primaryImageOfPage":{"@id":"https:\/\/ansertelefonia.com.ar\/?product=fax-panasonic-kx-ft982#primaryimage"},"image":{"@id":"https:\/\/ansertelefonia.com.ar\/?product=fax-panasonic-kx-ft982#primaryimage"},"thumbnailUrl":"https:\/\/ansertelefonia.com.ar\/wp-content\/uploads\/2019\/03\/fax-panasonic-kx-ft982-ansertelefonia-com-ar.jpg","datePublished":"2019-03-07T21:02:14+00:00","breadcrumb":{"@id":"https:\/\/ansertelefonia.com.ar\/?product=fax-panasonic-kx-ft982#breadcrumb"},"inLanguage":"es","potentialAction":[{"@type":"ReadAction","target":["https:\/\/ansertelefonia.com.ar\/?product=fax-panasonic-kx-ft982"]}]},{"@type":"ImageObject","inLanguage":"es","@id":"https:\/\/ansertelefonia.com.ar\/?product=fax-panasonic-kx-ft982#primaryimage","url":"https:\/\/ansertelefonia.com.ar\/wp-content\/uploads\/2019\/03\/fax-panasonic-kx-ft982-ansertelefonia-com-ar.jpg","contentUrl":"https:\/\/ansertelefonia.com.ar\/wp-content\/uploads\/2019\/03\/fax-panasonic-kx-ft982-ansertelefonia-com-ar.jpg","width":1000,"height":1000},{"@type":"BreadcrumbList","@id":"https:\/\/ansertelefonia.com.ar\/?product=fax-panasonic-kx-ft982#breadcrumb","itemListElement":[{"@type":"ListItem","position":1,"name":"Portada","item":"https:\/\/ansertelefonia.com.ar\/"},{"@type":"ListItem","position":2,"name":"Productos","item":"https:\/\/ansertelefonia.com.ar\/?page_id=8"},{"@type":"ListItem","position":3,"name":"Fax Panasonic KX-FT982"}]},{"@type":"WebSite","@id":"https:\/\/ansertelefonia.com.ar\/#website","url":"https:\/\/ansertelefonia.com.ar\/","name":"Anser Telefonia Importaci\u00f3n - AT View","description":"AT View","publisher":{"@id":"https:\/\/ansertelefonia.com.ar\/#organization"},"potentialAction":[{"@type":"SearchAction","target":{"@type":"EntryPoint","urlTemplate":"https:\/\/ansertelefonia.com.ar\/?s={search_term_string}"},"query-input":{"@type":"PropertyValueSpecification","valueRequired":true,"valueName":"search_term_string"}}],"inLanguage":"es"},{"@type":"Organization","@id":"https:\/\/ansertelefonia.com.ar\/#organization","name":"Anser Telefonia Importaci\u00f3n - AT View","url":"https:\/\/ansertelefonia.com.ar\/","logo":{"@type":"ImageObject","inLanguage":"es","@id":"https:\/\/ansertelefonia.com.ar\/#\/schema\/logo\/image\/","url":"https:\/\/ansertelefonia.com.ar\/wp-content\/uploads\/2025\/01\/logo-anser.png","contentUrl":"https:\/\/ansertelefonia.com.ar\/wp-content\/uploads\/2025\/01\/logo-anser.png","width":285,"height":64,"caption":"Anser Telefonia Importaci\u00f3n - AT View"},"image":{"@id":"https:\/\/ansertelefonia.com.ar\/#\/schema\/logo\/image\/"},"sameAs":["https:\/\/www.facebook.com\/AnsertelefoniaaATView\/","https:\/\/www.instagram.com\/ansertelefonia\/","https:\/\/api.whatsapp.com\/send\/?phone=5493413899983&text&type=phone_number&app_absent=0"]}]}},"_links":{"self":[{"href":"https:\/\/ansertelefonia.com.ar\/index.php?rest_route=\/wp\/v2\/product\/1113"}],"collection":[{"href":"https:\/\/ansertelefonia.com.ar\/index.php?rest_route=\/wp\/v2\/product"}],"about":[{"href":"https:\/\/ansertelefonia.com.ar\/index.php?rest_route=\/wp\/v2\/types\/product"}],"wp:featuredmedia":[{"embeddable":true,"href":"https:\/\/ansertelefonia.com.ar\/index.php?rest_route=\/wp\/v2\/media\/1114"}],"wp:attachment":[{"href":"https:\/\/ansertelefonia.com.ar\/index.php?rest_route=%2Fwp%2Fv2%2Fmedia&parent=1113"}],"wp:term":[{"taxonomy":"product_brand","embeddable":true,"href":"https:\/\/ansertelefonia.com.ar\/index.php?rest_route=%2Fwp%2Fv2%2Fproduct_brand&post=1113"},{"taxonomy":"product_cat","embeddable":true,"href":"https:\/\/ansertelefonia.com.ar\/index.php?rest_route=%2Fwp%2Fv2%2Fproduct_cat&post=1113"},{"taxonomy":"product_tag","embeddable":true,"href":"https:\/\/ansertelefonia.com.ar\/index.php?rest_route=%2Fwp%2Fv2%2Fproduct_tag&post=1113"}],"curies":[{"name":"wp","href":"https:\/\/api.w.org\/{rel}","templated":true}]}}